+ -1 + -6 + -18 + 37 + 17?
42
(-8 - -85) + 8 + 49 + -62
72
4 + -108 + -12 + 15 + 0 + (-6 - -15)
-92
11 - ((-24 + -2 - -18) + 0)
19
What is the value of 18 - 7 - ((-29 - -23) + -11)?
28
Evaluate 28 + (4 - (-10 - (16 + -15) - (3 + -11))).
35
What is the value of 1 + 11 + -4 - 49 - ((11 - 6) + -3)?
-43
What is the value of 42 + (2 - (-5 + 12 - (5 + -1)) - 9)?
32
What is 54 + 23 + -81 - -71?
67
What is the value of (11 + -26 - -38) + -86 + 11?
-52
What is (-4 - (13 + 50 + -71)) + (1 - -73)?
78
-275 + 284 - (26 - -2) - 71
-90
What is -1 - -6 - (-208 + 219) - (-31 - -17)?
8
Calculate -4 + 13 - (-1 + -5 + -6) - 11.
10
-36 + (62 - (21 - 28))
33
Calculate (-1 - (-46 - -126)) + 69.
-12
What is the value of (-5 - -64 - 69) + (-14 - -26)?
2
What is (-10 - -22 - 24) + 9 + 20 - -7?
24
Evaluate 5 - (-33 + 73 + -67).
32
What is 13 - (-29 + (7 - -9) - -43 - -12)?
-29
Calculate -198 - -1 - (9170 - 9286).
-81
-306 - -356 - (-3 + 36)
17
What is (8 + -7 - 43) + (-2 - 1 - (-10 - -11))?
-46
-95 + 210 + -44 + 13
84
Evaluate (-75 - 1) + 580 + -595 - (1 - 17).
-75
What is 18 + 33 + 20 - (-4 - -45)?
30
Calculate (836 - 852) + 1 + -2 + (3 - (3 - -1)).
-18
Evaluate 22 - -54 - 87 - (11 - ((-2 - 1) + 3)).
-22
What is -1 + 148 - (83 - (-38 - -56) - 53)?
135
What is the value of (14 - (10 - 1)) + (-46 - -15)?
-26
Evaluate -41 - (-83 + -54 + 32).
64
53 + -17 + 28 - 25 - -27
66
Calculate (-35 - -104 - 74) + (-2 - (5 - (7 + -3))).
-8
What is the value of -65 - (-11 - -11 - 44)?
-21
Evaluate 47 + (-11 + 1 + 3 - (10 + -22) - -5).
57
Calculate -79 - (-4 - 17 - (-23 + 18)).
-63
What is (11 - (-11 + (19 - -7))) + -2 - (1 - 54)?
47
-124 + -10 - (257 + -503)
112
Calculate 22 + -40 + (-14 - -62).
30
-849 - -847 - (0 - 14) - 24
-12
Evaluate 12 - (-10 + 11 + 13 + -14) - -32 - 12.
32
-3 + (-6 - -11) - -12 - (-25 - -15)
24
What is the value of -85 + (-9 - ((-7 + 22 - 6) + -24 + 3))?
-82
What is the value of 22 + -5 - 31 - 10?
-24
What is -42 - (-47 - (-62 - 4))?
-61
Calculate -2 - (-10 + -2 + 17 + -13) - -5.
11
What is the value of 5 + -2 + (-309 - -324 - (2 + 0))?
16
Calculate 239 - 226 - (59 - -1).
-47
Calculate -6 - 58 - (-6 - -1 - (-13 + 8) - -10).
-74
Calculate -49 + (8 - 35) + 122.
46
-185 + 21 + 124 - (3 + -44)
1
What is (-93 - -91) + -17 - -82?
63
What is the value of (136 - (102 - 30)) + -103?
-39
What is -2 - 7 - (333 + -389)?
47
Evaluate 110 + (-17 - (3 + 31)) + 2 + -1 + -11.
49
Calculate -12 + 36 + -31 + -1 + -4.
-12
Evaluate -24 - (18 - 16 - -15).
-41
What is (2 + (-7 - -5) - (118 + -103)) + -31?
-46
What is the value of 13 + (11 - (-6 - -10)) + (185 - 127)?
78
What is (-25 + -3 - -27) + (0 - 60) + -6?
-67
Evaluate 2 + -8 + 5 - (-56 - -46).
9
What is the value of (-3 - 29 - -35) + -2 + -56 + -7?
-62
Evaluate -9 - (0 + 1) - (-11 + -2 - 5) - -30.
38
Calculate 2 + -24 + (8 - 0 - (-5 - -1)).
-10
(-16 + (44 - (25 - 7)) - -1) + (22 - 0)
33
(11 - (24 + -49 - -25)) + (-1 - 7)
3
Evaluate 30 + 0 + 2 + -906 + 957.
83
What is the value of -49 - (-96 + 136 - 104)?
15
Evaluate 8 - (-36 + -15 - -134).
-75
Calculate -79 + (65 - (-11 + -78)).
75
What is (7 - 1 - 23 - -20) + -22?
-19
Evaluate (4 - 9 - (-36 + 27) - (-27 - 1)) + -8.
24
Calculate 5 - (6 - 3) - ((6 - 25) + (-83 - -10)).
94
Calculate 7 - (38 + 83 + (-6 - 0) + -14).
-94
(-35 - (-10 + -11) - -18) + (4 - (5 - 4))
7
Evaluate 411 + -396 - (108 + -18).
-75
-6 + (4 - ((8 + 2 - 28) + -2 - 6))
24
What is -103 + -10 + -10 + 24 - (-13 - 0)?
-86
(-75 - -144 - 108) + (2 - -7)
-30
(-5 - (-13 + 27)) + 7 + 26 + 1
15
18 + -4 + -51 + 36 + 31
30
39 + 1 - (-1267 + 1259 + 9 + 0)
39
Calculate -83 - (-2 - 6 - 0 - 3).
-72
11 + 27 + (-90 - -5)
-47
Evaluate (3 + (-1 - -2) - 15) + 3 + 129 + -139.
-18
Evaluate -19 - (2 - (53 - -10) - -6 - -17).
19
Evaluate -67 + 39 + (20 - -42).
34
(-24 - -43) + -10 + -2 + 24
31
Calculate -3583 + 3532 - ((7 - 0) + 1).
-59
-3791 + 3819 + 3 + (-124 - -2)
-91
Calculate 22 + (0 + 75 - 26) - 16.
55
Evaluate (-110 - -45) + (29 - (11 + 0)).
-47
What is the value of (3 - 12) + 63 + -3 + 32 + -41?
42
Calculate 17 + -58 + (16 - -27).
2
-27 - (15 + -83 + -21) - (1 - (0 + 1))
62
What is (-1 - (15 + 41)) + (8 - 8)?
-57
Calculate -45 - (14 + -1 - 86).
28
29 + (-83 - -41) - -15
2
(-65 - -41) + -56 - (1 + -16)
-65
1 + 71 + -3071 + 2973
-26
-47 + (-19 + 31 - (10 + 15))
-60
What is -1 + 5 + 62 + -7 + 2 + (-3 - -4)?
62
What is the value of 39 + (25 + 3 - 15)?
52
Calculate 23 - (-68 - (21 - (13 + -13))) - -18.
130
What is the value of (115 - 97) + 91 + -149?
-40
18 + (-99 + 57 - 29)
-53
Evaluate 169 - 192 - (-18 - 1) - -22.
18
Evaluate -42 - (41 - (-8 + 94)).
3
80 + (1 - 5) + -31
45
Evaluate -11 - ((-1 - -1) + 5 + -8) - (830 + -789).
-49
What is (4 + 57 - 4) + 2279 + -2260?
76
-8 + 0 + 0 - (-202 - (-11 - 86))
97
What is -32 + (39 - 18) + -21?
-32
3 + -3 + -26 + 4 + -1
-23
Evaluate 24 - (-4 - -79 - (30 - 17)).
-38
Evaluate -1 - 21 - (-118 + 25 + (-64 - -3)).
132
What is 5 + -57 + 76 + (-98 - 3)?
-77
Evaluate -25 + 1 + (-126 - (88 - 219)).
-19
Calculate 62 - (-22 + 117 + -53).
20
-81 + 121 + -70 + (-11 - -7)
-34
Calculate -603 + 577 + 14 + -1 - 5.
-18
Evaluate 63 + -11 + -95 + 30.
-13
Calculate 27 + -11 + -36 + 35.
15
(23 - 42) + (85 - 0 - 2) + (-1 - 5)
58
Evaluate (-1 + 4 - 4) + -3 + -15 + 0 + 38.
19
Evaluate -3 - (23 - 60 - -29).
5
What is (-13 - (-12 + 9 + 11 - 9)) + 1 + -55?
-66
What is (-3 + (8 - -15) - (-2 + 18 + -6)) + -10?
0
What is -78 + 0 + 38 + -27 + (-65 - -44)?
-88
What is -6 - ((62 - -7) + 38)?
-113
What is the value of 123 - (-96 + 137 + -34)?
116
Calculate 100 - (-45 - -70 - -23).
52
Evaluate 48 + -63 - 11 - (-26 - -19).
-19
What is (17 - -26 - 14) + -78?
-49
What is -57 - (-41 - -2) - -24?
6
What is the value of 18 + -3 + (-68 - (-16 - (14 - 44)))?
-67
Evaluate (-38 - 1) + 3 + -3 - -19.
-20
35 + -10 + (15 - (-12 + 9))
43
Calculate 0 + 3 + -2 + -1 + (-13 + 22 - -25).
34
What is 131 + -18 - (23 + 25 + -35 + -6 + 1)?
105
Evaluate -51 + (18 - (-28 - -29) - 50).
-84
Calculate -11 + 1 + 22 - (270 - 182).
-76
Calculate (-1 - -10) + 0 - (30 - 54 - -90 - 0).
-57
What is the value of -122 + 13 + (-11 - ((10 - -10 - 14) + 4))?
-130
What is 598 + -614 - (-1 + -42)?
27
What is the value of 11 + -2 + -1 + (-6 - (58 + (5 - 12)))?
-49
Evaluate -52 - -2 - ((10 + (-1 - 1) - 6) + -6).
-46
Evaluate (-45 - 3) + (262 - 201).
13
Evaluate -325 + 262 + (66 - -19).
22
What is the value of (95 - 276 - (-5 + -31)) + 13?
-132
What is the value of 0 - (1 + 49 + 1) - (-209 - (59 - 261))?
-44
What is the value of 26 - (35 - (-41 - -91))?
41
Calculate -4 + (4 - 16) + 3 + 7.
-6
Calculate 1 - (-51 - -111) - -28.
-31
What is 18 + (-2 - (-41 - -15)) + -5?
37
What is -6 + (-1 + 13 - (-35 - -43)) + (23 - -67)?
88
What is -13 - (-3 + 2) - (101 + -47 - 43 - 19)?
-4
What is 31 + -34 + -15 + (-8 - -27)?
1
Calculate (-64 - -49) + 4 - 0.
-11
Evaluate (121 - 99 - 122) + 96.
-4
37 - (-59 + 29 + 8) - (6 - 1 - 1)
55
(-1 - -2) + (-87 - -83 - (-5 + -91 + 2))
91
-3 + ((0 + 2 - (-2 + 1)) + -105 - -4)
-101
What is -52 + 1 - (-284 + 252)?
-19
Calculate 22 + (-76 - (48 + -60)).
-42
What is -59 - (-25 - -27) - (-11 - -37)?
-87
-16 + (43 + -13 + -22 - -14)
6
What is (-32 - (-26 + 32 - 28)) + 7 + 1?
-2
Calculate 2 - 4 - (4 + -1) - (4 - 42).
33
-40 + 3 - (-45 + (-23 - -41))
-10
What is -123 + ((18 - 9) + -9 - (11 + -16))?
-118
2 + -45 + -22 + -12 + 12 + 7
-58
What is -2 - -6 - (19 + 30 - -13)?
-58
What is -90 + -151 + 93 + 45?
-103
What is the value of 6 + 6 + -22 + 51?
41
Calculate (-27 - -43) + -22 + (-1 - -5) - (-10 - -93).
-85
What is (-2 + 29 - (-130 - -145)) + -60?
-48
(61 - 58) + 15 + -2 + -2
14
Calculate -15 - (-21 + (3 - -6) - -5 - -40).
-48
-222 + (151 - 17) + 62
-26
-13 - (6 + -25 - -18 - -8)
-20
Calculate (18 - 22) + (4 - 9) - (-36 + 4).
23
What is -15 + (56 - (105 + -96))?
32
What is the value of -5 + (0 - 4) + (-6 - -7 - -1) + -3?
-10
What is the value of 50 + 12 + -4 + (15 - 35)?
38
What is the value of (-295 - -209) + 96 + (1 - -38) + 0?
49
What is the value of 4 + -6 + 0 + 10 - -31?
39
What is the value of -20 + 1 + (-579 - -589) - (1 + -3)?
-7
What is the value of (3 - 1) + -1 + -9 - 4 - (-170 - -120)?
38
34 + -14 + -34 + -28
-42
Evaluate -14 + (4 - (9 - 6)) + 11 + -30.
-32
What is 3 + 21 + -6 + (24 - 21)?
21
Evaluate -10 + 59 + (10 - 0) + (43 - (-39 + 94)).
47
Calcula